60556?
2, 3, 9471713
What are the prime factors of 1228918222?
2, 7, 37, 137, 17317
List the prime factors of 3619575.
3, 5, 16087
List the prime factors of 94622968.
2, 11, 239, 409
List the prime factors of 235118217.
3, 19, 61, 3559
What are the prime factors of 59292802?
2, 97, 305633
What are the prime factors of 54728550?
2, 3, 5, 19, 37, 173
List the prime factors of 6250404388.
2, 19, 31, 317, 8369
What are the prime factors of 9822355?
5, 281, 6991
List the prime factors of 824549046.
2, 3, 313, 359, 1223
What are the prime factors of 751012949?
41, 547, 33487
What are the prime factors of 150300770?
2, 5, 149, 677
What are the prime factors of 3595586034?
2, 3, 599264339
List the prime factors of 865118766.
2, 3, 73, 337, 5861
What are the prime factors of 153013941?
3, 629687
List the prime factors of 143190472.
2, 2621, 6829
What are the prime factors of 941840843?
941840843
List the prime factors of 205474420.
2, 5, 1667, 6163
What are the prime factors of 371210939?
11, 3067859
List the prime factors of 224093279.
224093279
List the prime factors of 2833648807.
11, 257604437
List the prime factors of 3590289054.
2, 3, 11, 18132773
List the prime factors of 51931030.
2, 5, 67, 77509
What are the prime factors of 5359389249?
3, 10463, 170741
List the prime factors of 818613269.
8863, 92363
List the prime factors of 69172386.
2, 3, 11528731
What are the prime factors of 180141310?
2, 5, 31, 581101
List the prime factors of 711164514.
2, 3, 941, 125959
List the prime factors of 731946517.
193, 229, 16561
List the prime factors of 107855490.
2, 3, 5, 277, 12979
What are the prime factors of 105055853?
7, 467, 4591
What are the prime factors of 3965175727?
17, 43, 47, 131, 881
What are the prime factors of 65848051?
1583, 41597
What are the prime factors of 391029948?
2, 3, 10861943
List the prime factors of 2521154706.
2, 3, 7, 17, 23, 153523
List the prime factors of 35162762.
2, 421, 41761
What are the prime factors of 6276440?
2, 5, 173, 907
What are the prime factors of 37885709?
43, 311, 2833
What are the prime factors of 37319113?
13, 2870701
What are the prime factors of 413238818?
2, 97, 809, 2633
What are the prime factors of 67134141?
3, 7459349
List the prime factors of 7541657076.
2, 3, 628471423
List the prime factors of 111536632.
2, 137, 149, 683
What are the prime factors of 3158607601?
37, 71, 1202363
List the prime factors of 346338521.
41, 1613, 5237
List the prime factors of 1560887081.
13, 120068237
What are the prime factors of 33522845?
5, 23, 291503
List the prime factors of 35899400.
2, 5, 179497
List the prime factors of 17375720.
2, 5, 337, 1289
List the prime factors of 15077210.
2, 5, 313, 4817
What are the prime factors of 238556840?
2, 5, 1103, 5407
List the prime factors of 19089846.
2, 3, 41, 25867
List the prime factors of 416232496.
2, 26014531
What are the prime factors of 2636269554?
2, 3, 439378259
What are the prime factors of 2330133984?
2, 3, 109, 199, 373
What are the prime factors of 2462632532?
2, 37, 43, 386963
List the prime factors of 331189837.
11, 83, 362749
List the prime factors of 439949623.
439949623
List the prime factors of 37486575.
3, 5, 7, 23801
List the prime factors of 20649238.
2, 19, 83, 6547
What are the prime factors of 91722576?
2, 3, 11, 19, 41, 223
List the prime factors of 15495004.
2, 7, 109, 5077
List the prime factors of 617803970.
2, 5, 7, 17, 30539
List the prime factors of 119430813.
3, 39810271
What are the prime factors of 184303306?
2, 11, 19, 271, 1627
List the prime factors of 117945502.
2, 19, 3103829
What are the prime factors of 162230635?
5, 7, 4635161
List the prime factors of 6612963533.
11, 127, 4733689
List the prime factors of 570499744.
2, 37, 151, 3191
List the prime factors of 114290734.
2, 57145367
List the prime factors of 124627007.
29, 181, 23743
What are the prime factors of 49847083?
11, 13, 53, 6577
What are the prime factors of 390294577?
390294577
What are the prime factors of 380634534?
2, 3, 7, 683, 4423
What are the prime factors of 211540690?
2, 5, 17, 1244357
What are the prime factors of 106155779?
106155779
List the prime factors of 7412146214.
2, 11, 41, 2113, 3889
List the prime factors of 4278793808.
2, 267424613
What are the prime factors of 111449034?
2, 3, 43, 5333
List the prime factors of 89042722.
2, 47, 947263
What are the prime factors of 555943441?
6299, 88259
List the prime factors of 40108960.
2, 5, 250681
List the prime factors of 377626783.
61, 739, 8377
List the prime factors of 55985729.
157, 191, 1867
List the prime factors of 134331564.
2, 3, 11194297
What are the prime factors of 108419000?
2, 5, 181, 599
What are the prime factors of 2444409187?
11, 269, 826093
What are the prime factors of 6236642228?
2, 1367, 1140571
What are the prime factors of 306717093?
3, 34079677
What are the prime factors of 22680021?
3, 7, 13, 83077
List the prime factors of 1921083226.
2, 101, 9510313
List the prime factors of 2330410284.
2, 3, 43, 317, 1583
List the prime factors of 177684017.
7, 17, 47, 31769
What are the prime factors of 193810628?
2, 11, 1607, 2741
What are the prime factors of 748878535?
5, 71, 773, 2729
What are the prime factors of 2771043042?
2, 3, 367, 1258421
What are the prime factors of 44349457?
211, 210187
What are the prime factors of 106942326?
2, 3, 223, 257, 311
What are the prime factors of 248608078?
2, 421, 295259
List the prime factors of 53112941.
7, 7587563
What are the prime factors of 33573846?
2, 3, 1747, 3203
List the prime factors of 110660932.
2, 37, 263, 2843
List the prime factors of 1591051676.
2, 397762919
What are the prime factors of 3527427109?
349, 1471, 6871
List the prime factors of 29257915.
5, 83, 70501
What are the prime factors of 202697792?
2, 11, 499, 577
What are the prime factors of 65455251?
3, 21818417
List the prime factors of 2095968154.
2, 7, 11353, 13187
What are the prime factors of 1322918118?
2, 3, 31, 47, 73, 691
What are the prime factors of 96060247?
2141, 44867
List the prime factors of 2528862300.
2, 3, 5, 2809847
List the prime factors of 209436093.
3, 31, 750667
What are the prime factors of 43263869?
11, 397, 9907
What are the prime factors of 5393879494?
2, 43, 61, 1028189
What are the prime factors of 6655833?
3, 19, 38923
What are the prime factors of 2367677657?
17257, 137201
List the prime factors of 83843682.
2, 3, 13, 1074919
List the prime factors of 21714176.
2, 11, 701
What are the prime factors of 37890525?
3, 5, 31, 43, 379
What are the prime factors of 3186189552?
2, 3, 7, 13, 53, 13763
List the prime factors of 153131238.
2, 3, 13, 71, 709
List the prime factors of 164661581.
7, 19, 37, 33461
List the prime factors of 1864241035.
5, 6421, 58067
List the prime factors of 346550461.
1213, 285697
What are the prime factors of 3287502819?
3, 181, 2018111
What are the prime factors of 574950672?
2, 3, 3992713
List the prime factors of 32406450.
2, 3, 5, 37, 5839
List the prime factors of 419325959.
13, 32255843
List the prime factors of 610613835.
3, 5, 13, 3131353
What are the prime factors of 48317687?
11, 23, 190979
What are the prime factors of 1889078?
2, 31, 30469
What are the prime factors of 720041763?
3, 7, 113, 303431
List the prime factors of 571055557.
31, 113, 163019
What are the prime factors of 1390256281?
859, 1618459
List the prime factors of 278846224.
2, 2339, 7451
What are the prime factors of 1433532042?
2, 3, 727, 109547
List the prime factors of 184400571.
3, 127, 483991
List the prime factors of 1417381955.
5, 11, 263, 97987
What are the prime factors of 358412891?
1279, 280229
What are the prime factors of 695691747?
3, 2862929
What are the prime factors of 77581041?
3, 25860347
List the prime factors of 3211667774.
2, 7, 19, 12073939
List the prime factors of 234258188.
2, 101, 293, 1979
What are the prime factors of 1468072256?
2, 7, 193, 16979
List the prime factors of 952268237.
809, 1177093
List the prime factors of 1800175784.
2, 11, 20456543
List the prime factors of 482996352.
2, 3, 113, 11131
List the prime factors of 130580202.
2, 3, 3307, 6581
What are the prime factors of 561552213?
3, 187184071
What are the prime factors of 233339585?
5, 46667917
What are the prime factors of 211135627?
757, 278911
